et l be g(-10). What are the prime factors of 2790/35 + f/l?
2, 5
Suppose -2*s - p + 3 = -1, -4*s = p - 12. Let g(v) be the second derivative of 13*v**3/3 - 3*v**2/2 + 11*v. List the prime factors of g(s).
101
Suppose u - 11394 = -11*q + 6*q, 5*u - 56912 = 4*q. What are the prime factors of u?
2, 1423
List the prime factors of (325/1950)/((-2)/(-887388)).
73, 1013
Let o = -27 + 55. Let k = -16 + o. What are the prime factors of 1290/12*k/15?
2, 43
Suppose -d = -j + 15835 + 19810, 5*j = 2*d + 178201. List the prime factors of j.
3, 7, 1697
Suppose -29*w = -31*w + 10. Let m be (-4)/w + (0 - (-58)/10). Suppose 0 = -2*h + m*h - 300. List the prime factors of h.
2, 5
Suppose f - 2*g = 7, f + 23 = -0*f - 4*g. Let h be 2712 + (f + 3)/5. List the prime factors of 6/15 - h/(-20).
2, 17
Suppose -5*t = y - 78399 - 48126, 3*t + 9*y - 75915 = 0. List the prime factors of t.
3, 5, 7, 241
Let a be -1 - (-2)/(-4) - (-206)/4. Let f = 53 - a. What are the prime factors of (f/5)/(1/45)?
3
Suppose 37*j - 46646 - 49406 = 0. List the prime factors of j.
2, 11, 59
List the prime factors of (-80)/48*2757/(-5).
919
Suppose 9*a + 24 + 237 = 0. Let r = a + 17. Let u(h) = h**3 + 13*h**2 + 10*h - 13. List the prime factors of u(r).
11
List the prime factors of 71151 + (-247)/13 + 24.
2, 17789
Let w(x) = -10*x**2 - 8*x - 24. Let j be w(8). List the prime factors of (j/42)/((-38)/(-42) + -1).
2, 7, 13
Let w = 18 - 15. Suppose 0 = -w*d - 18 + 24. Suppose -56 = -2*r + d*a, 3*r - 81 = -2*a + 8. List the prime factors of r.
29
Suppose -198501 = 100*w - 2086701. List the prime factors of w.
2, 3, 1049
Let h(p) = p**2 + 32*p + 60. Let t(b) = b**2 + 33*b + 61. Let n(d) = -3*h(d) + 2*t(d). Let f be n(-32). Let y = f - -189. What are the prime factors of y?
67
What are the prime factors of ((-97)/(-1))/(133/2261)?
17, 97
Let c = 149 - 145. Suppose -53 - 79 = -c*p. What are the prime factors of p?
3, 11
Suppose -3*u = -u - 2*r - 24638, -4*r - 24648 = -2*u. What are the prime factors of u?
2, 47, 131
Let x = -436 - -416. List the prime factors of 298*5 - x/(-1 + -9).
2, 3, 31
Suppose 2*t - 5*w = 43833, -8*t + 2*w + 66480 + 108834 = 0. What are the prime factors of t?
2, 10957
Let v = 17048 + -10074. What are the prime factors of v?
2, 11, 317
Let p(m) = 10*m**2 + 78*m + 292. What are the prime factors of p(22)?
2, 107
Let w(v) = 13*v + 142. Let k be w(-10). What are the prime factors of -240*(-3 + 30/k)?
2, 3, 5
What are the prime factors of (-108)/1*(6 - 6*1156/32)?
3, 281
Let m be (-18)/(-14) + (-3)/84*8. Let v(q) = 267*q**3 - q**2 - q + 2. What are the prime factors of v(m)?
3, 89
Suppose 3*r + 3*m + 33 = 7*m, 11 = -r - 5*m. Let t(y) = -6*y - 6. Let a be t(-8). Let h = r + a. List the prime factors of h.
31
Suppose 3*i - 3*v = 59822 + 13450, 2*i - 48851 = 3*v. What are the prime factors of i?
24421
Let z = 64883 - 44801. What are the prime factors of z?
2, 3, 3347
List the prime factors of 382872/(-477)*((-1)/4 - (-321)/(-12)).
2, 3, 7, 43
Let d(q) = 3*q - 21. Let v be d(9). Let u = v - -4. List the prime factors of (48/u)/((-12)/(-160)).
2
Suppose -8*o + 24 = -4*o. Let x be -3 - (-1233)/6*(8 - o). Suppose 0 = -3*q - 4*k + x, q - 4*k - 134 = -6*k. List the prime factors of q.
2, 5, 7
Suppose 3*g - 2*g + 4*f - 325 = 0, 4*g - 4*f = 1200. Suppose -98*c = -93*c + g. List the prime factors of (c/3)/(23/(-207)).
3, 61
Let n = 286 - 271. What are the prime factors of 195 - -6*((-40)/n + 2)?
191
Let v(j) = 2339*j - 1924. What are the prime factors of v(7)?
14449
Suppose -15796*q - 148329 = -15799*q. List the prime factors of q.
3, 16481
Suppose 0 = h + p + 192 + 188, -5*h - 2*p = 1909. Let w = h - -2063. What are the prime factors of w?
2, 3, 5, 7
Let v = 4 + -10. Let k(q) = q**2 + 5*q - 4. Let i be k(v). Suppose 2*h - 238 = i*x, -h + 72 = 5*x - 23. What are the prime factors of h?
5, 23
Let y(q) = -195*q + 7685. List the prime factors of y(-68).
5, 59, 71
Let g(t) = -t**3 - 4*t**2 - 2*t - 3. Let x be g(-4). Let r(w) = 4*w**2 + 22*w + 19. Let n be r(-4). What are the prime factors of (-237)/n - -1 - 2/x?
2, 3
Suppose 22438 = 2*r + 2*u, 18*u + 18 = 21*u. List the prime factors of r.
11213
Suppose -12*f = -7*f + 20. Let m(w) = -w**2 - 4*w - 1. Let o be m(f). List the prime factors of 2 - (-669 + o)/5.
2, 17
Let w(u) = -5002*u + 2168. List the prime factors of w(-3).
2, 31, 277
Let d(a) = 183*a**2 - 22*a + 112. List the prime factors of d(6).
2, 821
Let n(d) = 365*d + 717. List the prime factors of n(5).
2, 31, 41
Suppose -71*b - 154*b - 12*b + 6402555 = 0. List the prime factors of b.
3, 5, 1801
Let y = 80 + -83. Let q be (y - (-48)/15) + 5464/5. Suppose w = -3*v + 651, 2*w - w = 5*v - q. List the prime factors of v.
2, 109
Let l = 333 + -329. Suppose -l*p + 5*q - 3*q + 3450 = 0, 0 = 5*q - 25. List the prime factors of p.
5, 173
Let o = 4701 - 1451. List the prime factors of o.
2, 5, 13
Let s(v) = v**3 - 50*v**2 + 732*v - 25. List the prime factors of s(33).
2, 53
Let j = -947 - -948. Let i(m) = 1244*m**2 + 6*m - 4. What are the prime factors of i(j)?
2, 7, 89
Let i be 2/((-54)/(-10) - 5) + 14. Suppose 14*c - i*c + 2025 = 0. List the prime factors of c.
3, 5
Suppose 9 = 2*n + 5*u - 0*u, -n - 2*u + 4 = 0. Let a(h) = -16 + h**2 + 3*h - 6*h + 0*h**n. What are the prime factors of a(-4)?
2, 3
What are the prime factors of (3 + -2 + 555)*1680/96?
2, 5, 7, 139
Let w(b) = -1. Let o(t) = -43*t - 11. Let v(a) = -o(a) + 4*w(a). Let r be v(6). Let i = r - 178. What are the prime factors of i?
3, 29
Let l(j) = 2*j**3 - 15*j**2 + 9. Let c be l(7). List the prime factors of ((-10)/c)/((-1)/(-1068)).
3, 89
List the prime factors of ((-5808)/(-1) - 0) + -10.
2, 13, 223
Suppose -117*p + 1736 = -113*p. Let t = -254 + p. What are the prime factors of t?
2, 3, 5
Let x(u) = 29*u - 8. Let g(i) = -3. Let f(l) = 1. Let n(a) = -5*f(a) - g(a). Let y(w) = 4*n(w) - x(w). List the prime factors of y(-8).
2, 29
Let u(m) = 2*m + 39. Let z = -72 - -72. Let t be u(z). Suppose -y + 2*a = -23 - t, 0 = 4*a. What are the prime factors of y?
2, 31
Let f be 27 - (-1 - (3 + 20/(-4))). Suppose 2*w + 22 = f. Suppose -w*v + 350 = 5*v. What are the prime factors of v?
2, 5
Let x(g) = 27*g - 28. Let l be 7/(-28) - 278/8. Let y = 40 + l. List the prime factors of x(y).
107
Suppose -588 = -7*z - 147. Let j be 2/(-9) + 4172/z. Suppose j = -25*f + 28*f. List the prime factors of f.
2, 11
Suppose -217*j + 208*j = -540. Suppose -2*z + 5*x = -5*z + 64, -3*z = 4*x - 65. Let h = j + z. List the prime factors of h.
83
Let n(y) = -y**3 + y**2 - y - 2. Let c be n(2). Let r(q) = 4*q - 48. Let t be r(12). List the prime factors of t*2/c + 53.
53
Suppose 3*y = -3*b + 42351, 70*y + 2*b + 14111 = 71*y. List the prime factors of y.
3, 5, 941
Let k = -2097 + 3529. Suppose -4*q = -5*s + k, 3*q = -2*s + 72 + 487. What are the prime factors of s?
2, 71
Let l(g) = 14*g**2 - 90*g + 1434. What are the prime factors of l(20)?
2, 2617
Let t(c) = 2*c**3 - 78*c**2 + c - 44. Let v be t(39). Let b(n) = 27*n**2 - 4*n + 11. What are the prime factors of b(v)?
2, 353
Let k(u) = -2*u - 27. Let g be k(-23). Suppose -g*m - 1478 = -w - 18*m, 0 = 3*w - 5*m - 4432. What are the prime factors of w?
3, 17, 29
Let p(x) = -742*x - 1179. List the prime factors of p(-12).
3, 5, 103
Suppose -9195 = -11*k - 4*c + 542730, 0 = -k + 2*c + 50175. List the prime factors of k.
3, 5, 223
Suppose -3*f + 40*a - 36*a = -15254, -3*f - 3*a + 15219 = 0. List the prime factors of f.
2, 2539
Suppose -4 = -2*j + 16. Let u be (j*9/12)/(3/4). List the prime factors of (u + -2)/1 + 6/2.
11
Suppose 118*m = -136*m + 5612115 + 4796043. List the prime factors of m.
3, 29, 157
Suppose -11*v = -2585 - 0. Let f = 599 - v. What are the prime factors of f?
2, 7, 13
Let i(z) be the second derivative of -7*z**3/6 - 17*z**2/2 + 5*z. Suppose -4*f + 5*b = -5, 3*f - 17 = -4*b - 52. List the prime factors of i(f).
2, 3
Let h(x) = 69*x**2 + 5*x - 1. Let b(m) = -6*m - 273. Let u be b(-45). List the prime factors of h(u).
5, 11
Let q(t) = 3 - 10*t - 4*t**3 - 7*t**2 - 4*t**2 + 4*t**2. List the prime factors of q(-5).
2, 3, 7
Suppose 1335*q = 1327*q + 4773 + 64843. List the prime factors of q.
2, 19, 229
Suppose 3*g = -4*a + 34, -3*a - 16 = -2*g + a. Suppose g*q - 12*q = -268. What are the prime factors of q?
2, 67
S